culate the remainder when 30899 is divided by 300.
299
What is the remainder when 18973 is divided by 394?
61
Calculate the remainder when 475 is divided by 465.
10
Calculate the remainder when 45469 is divided by 193.
114
Calculate the remainder when 2007 is divided by 266.
145
What is the remainder when 86149 is divided by 1413?
1369
What is the remainder when 49263 is divided by 362?
31
What is the remainder when 11156 is divided by 2?
0
What is the remainder when 43362 is divided by 413?
410
What is the remainder when 14474 is divided by 183?
17
What is the remainder when 271084 is divided by 4?
0
Calculate the remainder when 9774 is divided by 3208.
150
What is the remainder when 35665 is divided by 9?
7
Calculate the remainder when 5226 is divided by 9.
6
What is the remainder when 8739 is divided by 8732?
7
What is the remainder when 258739 is divided by 911?
15
Calculate the remainder when 16866 is divided by 5617.
15
What is the remainder when 1353166 is divided by 18?
16
What is the remainder when 102062 is divided by 220?
202
What is the remainder when 593337 is divided by 87?
84
What is the remainder when 3616 is divided by 2642?
974
Calculate the remainder when 1102100 is divided by 137762.
4
Calculate the remainder when 37298 is divided by 336.
2
Calculate the remainder when 4686 is divided by 242.
88
Calculate the remainder when 57980 is divided by 28977.
26
What is the remainder when 2739 is divided by 882?
93
What is the remainder when 4084 is divided by 145?
24
Calculate the remainder when 431153 is divided by 39192.
41
Calculate the remainder when 773814 is divided by 18.
12
Calculate the remainder when 68360 is divided by 347.
1
What is the remainder when 222963 is divided by 1402?
45
What is the remainder when 44370 is divided by 22180?
10
Calculate the remainder when 1716 is divided by 61.
8
Calculate the remainder when 60048 is divided by 5458.
10
What is the remainder when 4557 is divided by 2159?
239
Calculate the remainder when 53721 is divided by 37.
34
What is the remainder when 613 is divided by 243?
127
Calculate the remainder when 86441 is divided by 52.
17
What is the remainder when 259 is divided by 192?
67
What is the remainder when 160456 is divided by 1138?
1136
What is the remainder when 422101 is divided by 140697?
10
What is the remainder when 342480 is divided by 171201?
78
What is the remainder when 27244 is divided by 1412?
416
What is the remainder when 2849660 is divided by 81?
80
Calculate the remainder when 3063 is divided by 217.
25
What is the remainder when 3479 is divided by 387?
383
What is the remainder when 2828396 is divided by 75?
71
What is the remainder when 35074 is divided by 47?
12
Calculate the remainder when 20188 is divided by 171.
10
What is the remainder when 146590 is divided by 509?
507
What is the remainder when 5506 is divided by 2663?
180
Calculate the remainder when 12089 is divided by 93.
92
Calculate the remainder when 4670 is divided by 1494.
188
Calculate the remainder when 263 is divided by 94.
75
Calculate the remainder when 3832 is divided by 20.
12
What is the remainder when 19874 is divided by 1987?
4
Calculate the remainder when 17075 is divided by 8.
3
Calculate the remainder when 2079 is divided by 342.
27
What is the remainder when 16146 is divided by 24?
18
Calculate the remainder when 135630 is divided by 74.
62
Calculate the remainder when 3021 is divided by 21.
18
Calculate the remainder when 5002 is divided by 19.
5
What is the remainder when 30111 is divided by 813?
30
What is the remainder when 4672075 is divided by 508?
507
Calculate the remainder when 14135 is divided by 1565.
50
What is the remainder when 20563 is divided by 212?
211
What is the remainder when 6344 is divided by 306?
224
Calculate the remainder when 8364 is divided by 72.
12
Calculate the remainder when 31450 is divided by 605.
595
Calculate the remainder when 3872958 is divided by 392.
390
Calculate the remainder when 23766 is divided by 175.
141
What is the remainder when 5082 is divided by 300?
282
What is the remainder when 18810 is divided by 29?
18
Calculate the remainder when 41846 is divided by 8.
6
What is the remainder when 791158 is divided by 285?
283
Calculate the remainder when 13088 is divided by 1014.
920
Calculate the remainder when 975 is divided by 221.
91
What is the remainder when 3194 is divided by 882?
548
Calculate the remainder when 858 is divided by 62.
52
Calculate the remainder when 15081 is divided by 7537.
7
Calculate the remainder when 582 is divided by 11.
10
What is the remainder when 4647 is divided by 663?
6
What is the remainder when 11443 is divided by 1165?
958
What is the remainder when 17759 is divided by 4346?
375
Calculate the remainder when 67273 is divided by 585.
583
Calculate the remainder when 5498 is divided by 43.
37
Calculate the remainder when 37669 is divided by 192.
37
What is the remainder when 5358 is divided by 5333?
25
What is the remainder when 9278 is divided by 6?
2
Calculate the remainder when 2464 is divided by 256.
160
What is the remainder when 334598 is divided by 30413?
55
Calculate the remainder when 17115 is divided by 160.
155
Calculate the remainder when 3557 is divided by 128.
101
What is the remainder when 2371 is divided by 249?
130
Calculate the remainder when 4242 is divided by 831.
87
What is the remainder when 484132 is divided by 863?
852
Calculate the remainder when 5014 is divided by 642.
520
What is the remainder when 29541 is divided by 29?
19
What is the remainder when 3460 is divided by 275?
160
Calculate the remainder when 25425 is divided by 431.
427
What is the remainder when 3320 is divided by 1106?
2
What is the remainder when 5940 is divided by 389?
105
What is the remainder when 271778 is divided by 632?
18
What is the remainder when 158560 is divided by 7550?
10
What is the remainder when 1115 is divided by 19?
13
Calculate the remainder when 2416 is divided by 656.
448
What is the remainder when 348736 is divided by 798?
10
Calculate the remainder when 5861 is divided by 310.
281
What is the remainder when 14312 is divided by 77?
67
Calculate the remainder when 2775 is divided by 175.
150
Calculate the remainder when 643992 is divided by 29272.
8
Calculate the remainder when 369358 is divided by 190.
188
What is the remainder when 21247 is divided by 2124?
7
Calculate the remainder when 63219 is divided by 3326.
25
What is the remainder when 57238 is divided by 60?
58
Calculate the remainder when 22077 is divided by 20.
17
What is the remainder when 22283 is divided by 5567?
15
What is the remainder when 2434 is divided by 1804?
630
Calculate the remainder when 879 is divided by 27.
15
What is the remainder when 56836 is divided by 151?
60
What is the remainder when 7697 is divided by 552?
521
Calculate the remainder when 5557 is divided by 119.
83
What is the remainder when 1344 is divided by 336?
0
What is the remainder when 6281 is divided by 419?
415
Calculate the remainder when 10864 is divided by 5420.
24
What is the remainder when 876 is divided by 232?
180
Calculate the remainder when 6207 is divided by 464.
175
What is the remainder when 324 is divided by 121?
82
What is the remainder when 30084 is divided by 55?
54
What is the remainder when 9443 is divided by 3134?
41
What is the remainder when 2721 is divided by 127?
54
Calculate the remainder when 6608 is divided by 245.
238
What is the remainder when 12760 is divided by 4?
0
What is the remainder when 242 is divided by 54?
26
What is the remainder when 10922 is divided by 3636?
14
Calculate the remainder when 4840 is divided by 483.
10
Calculate the remainder when 1548625 is divided by 724.
713
What is the remainder when 619 is divided by 296?
27
What is the remainder when 103635 is divided by 85?
20
Calculate the remainder when 4072 is divided by 55.
2
What is the remainder when 1968 is divided by 42?
36
Calculate the remainder when 3727976 is divided by 29.
26
Calculate the remainder when 2437 is divided by 288.
133
What is the remainder when 76864 is divided by 25570?
154
Calculate the remainder when 448780 is divided by 72.
4
What is the remainder when 65042 is divided by 1066?
16
What is the remainder when 271418 is div